. Suppose 46 = 2*a - j. Is a a prime number?
False
Let y = -7 + 9. Suppose -y*h = -43 + 235. Let i = -19 - h. Is i prime?
False
Let n(g) = -23*g + 4. Let j(u) = -24*u + 5. Let t(m) = -5*j(m) + 6*n(m). Is t(-2) composite?
True
Let c(b) = -61*b - 9. Let z(g) = -61*g - 9. Let v(d) = 2*c(d) - 3*z(d). Is v(4) a prime number?
False
Suppose 81 + 15 = 3*j. Suppose -122 - j = -2*c. Suppose a - c = -0*a. Is a composite?
True
Suppose 446 + 2221 = 3*b. Is b a composite number?
True
Let w(t) = 29*t**2 - 13*t + 3. Is w(-4) prime?
False
Let d = -4 + 8. Suppose d*m - 18 = m. Suppose -370 = z - m*z. Is z a composite number?
True
Let q = 4 + -6. Let b be (-1)/(3/18*q). Suppose 5*r + 232 = b*w, -82 = -w + 2*r - 5*r. Is w a composite number?
False
Let d = 212 - 322. Let m(l) = -17*l**2 - 4*l + 2. Let h be m(3). Let i = d - h. Is i prime?
True
Suppose -4*r + c = -3285, 5*c = -2*r + 2*c + 1653. Suppose -113 = 5*s - 4*p - r, 153 = s + 2*p. Is s composite?
True
Let p = -59 - -87. Suppose 6*j - 82 + p = 0. Is j a prime number?
False
Suppose -10*s + 379 = -9*s. Is s prime?
True
Suppose 2*n = -2*n + 3020. Is n a prime number?
False
Let j be (6*19)/(4/6). Suppose 4*l = 4*h + 624, 0*h - 2*h = l - j. Is l a composite number?
True
Let l = 5 - 4. Is 27/(0 + l) - 2 composite?
True
Let a = 7 + -4. Is 237/a*(-2 - -4) a composite number?
True
Let u(l) = 29*l + 1. Let p be u(-5). Let i = -91 - p. Is i a composite number?
False
Let s = -92 + 151. Is s a composite number?
False
Suppose 1799 = o + 6*o. Is o prime?
True
Suppose 3*x - 2*u = 523 - 190, -5*x - 2*u + 571 = 0. Is x composite?
False
Let g = 5 + 0. Suppose -4*n - 10 = -z - 2, -g*n = 5*z + 10. Suppose z*o + 2 = o, -103 = -3*l + o. Is l a composite number?
True
Let s = 31 + 40. Is s prime?
True
Suppose 3*s - 390 = 2*k + k, 5*s = 2*k + 641. Is s a composite number?
False
Is (-12)/(-18)*4/(8/2667) prime?
False
Let x(p) = -p**3 + p**2 + 6*p - 5. Is x(-6) a prime number?
True
Suppose 5*w + 3 = 23. Suppose 0*q + w*q - 260 = 0. Is q a composite number?
True
Let k(p) = p**3 + 7*p**2 - p - 2. Let f be k(-7). Let t = f + 0. Is 2/(-3)*-3 + t a prime number?
True
Suppose 0 = -3*b - 0*b - 15. Let q = b - -10. Suppose -141 = 2*k - q*k. Is k prime?
True
Let y(o) be the third derivative of 55*o**4/12 + o**3/6 + 2*o**2. Is y(3) prime?
True
Let u(x) = -x**2 + 14*x - 15. Let l be u(12). Let a(n) = 5*n + n**3 + l*n**2 + 7*n + n + 1 - 2*n**3. Is a(9) composite?
True
Suppose 0 = -3*s - 2*t - 20 + 155, -t = 0. Let i = -32 + s. Let g = 6 + i. Is g composite?
False
Let f(j) = j**3 + 4*j**2 + 4*j + 3. Let n be f(-3). Let q(h) = 203 + h**3 - h + 0*h**3 - h**2 + 0*h**3. Is q(n) prime?
False
Let b(s) = 13*s**2 - 4*s - 7. Is b(4) a prime number?
False
Suppose 0 = -2*j + j + k - 4, -k = 5*j + 32. Let t(m) = -20*m - 5. Is t(j) a prime number?
False
Let a be (-570)/(-8) - (-4)/(-16). Let h = a + -33. Is h prime?
False
Suppose r = 6*r + 30. Is (572/6)/((-4)/r) composite?
True
Let w = -4 + 6. Let o = 2 - w. Suppose o = -7*u + 3*u + 508. Is u a composite number?
False
Let x = 5 - 5. Let i = x + 3. Suppose -54 = i*g - 5*g + 5*t, -4*g + t + 144 = 0. Is g a composite number?
False
Let f = -4 - -11. Is f/(-2)*1*-2 composite?
False
Suppose -1 - 4 = -d. Suppose -16*p + 8 = -12*p. Suppose -p*n + d = -69. Is n a prime number?
True
Let q(l) = 19*l**2 - 6*l - 3. Is q(-5) composite?
True
Suppose 2*o = -10 - 62. Is o/(-12)*(-4)/(-6) composite?
False
Suppose 5*z - 850 = -0*z. Suppose -y = y - z. Is y prime?
False
Let x be 1 - 4 - (1 - 4). Suppose -5*j - 1675 = -4*g, 2*g - 3*j - 2*j - 845 = x. Is g prime?
False
Let c(w) = -w**3 + w**2 - 4*w + 2. Let t be c(3). Suppose -2*p - 20 = 5*l, 0*p + 2*l + 19 = -3*p. Let x = p - t. Is x a prime number?
True
Suppose 7*s = 4*s - i + 1246, 0 = -2*s - 5*i + 835. Is s prime?
False
Let h(q) = q**3 - 13*q**2 + 15*q - 1. Is h(12) a composite number?
True
Suppose 0 = -5*r - 4*w + 10761, 0 = -3*r + w - 3*w + 6455. Is r a composite number?
True
Let a be -3 + 2 + (0 - -3). Suppose -a*p - 47 = -661. Is p prime?
True
Is (568/(-6))/(2*(-4)/12) a prime number?
False
Is 6/((-5)/435*-6) a prime number?
False
Suppose 3*o + 8 = -5*j + 4, -3*j - 6 = 3*o. Let c(i) = 58*i**2 - 1. Is c(j) a prime number?
False
Is 9/(-6)*356/(-6) a prime number?
True
Let b(j) = j**2 + 5*j + 5. Let o = -17 - -10. Let t(y) = 2*y + 7. Let r be t(o). Is b(r) a composite number?
False
Let m(y) = -y**3 - 12*y**2 - 9*y + 11. Let k be m(-11). Let f(z) = z**3 + 14*z**2 + 8*z + 16. Is f(k) prime?
False
Let c(f) = 2*f - 4. Let p be c(4). Suppose 5*b + 486 = p*l, 4*b = -0*b - 8. Is l a prime number?
False
Let d = 113 - 16. Is d a prime number?
True
Let o = 8 + -3. Suppose -o*v + 112 = -663. Is v a prime number?
False
Is ((-1309)/44)/((-18)/8 - -2) a composite number?
True
Let t = -151 - -299. Let s = -2 + 4. Suppose 2*d + s*d - t = 0. Is d a composite number?
False
Let c(v) = 6*v - 3 - 4 + 66*v. Is c(3) a composite number?
True
Let v = 7369 + -4698. Is v a composite number?
False
Let k be (2*8/(-2))/(-1). Let g be k*(1 - (-1 - -1)). Suppose 3*h - g = 37. Is h a composite number?
True
Suppose 2*f - g = 581, 2*f - 313 = f - 4*g. Is f a prime number?
True
Let n be -382*(-2)/(-8)*2. Is (3 - 5)*n/2 prime?
True
Suppose -4*a + 2*a = 372. Let h = a - -297. Is h prime?
False
Suppose -63 - 48 = -o. Let n = o + -58. Is n a composite number?
False
Suppose -4*z + 967 = -1821. Is z a composite number?
True
Suppose 3*n - 3*v - 24 = 0, 21 = -5*v + 6. Let a(y) = y + 1. Let s be a(n). Suppose 0 = 3*d - s - 0. Is d prime?
True
Let g = -9 - -12. Suppose 4*j - 63 = -3*x, -g*x - 2*x - 5*j + 105 = 0. Is x a prime number?
False
Suppose -3*s + 24 + 3 = 3*i, 2*i = s + 6. Suppose -3*p = 8 + s. Is 118/p*(3 - 5) composite?
False
Let s(l) be the second derivative of l**3/3 + 3*l**2/2 + l. Is s(6) a composite number?
True
Suppose 5*s = 2*m - 362, 943 = 5*m + 4*s - 7*s. Is m a prime number?
True
Suppose -13*d + 3*d = -370. Is d prime?
True
Let o(r) = 49*r**2 - 10*r - 6. Let m(w) = 10*w**2 - 2*w - 1. Let a(g) = 11*m(g) - 2*o(g). Let k be a(-2). Let b = 14 + k. Is b a composite number?
False
Let z(c) = 7*c**2 - 2*c. Let d be ((-14)/6)/((-11)/33). Is z(d) a prime number?
False
Let h(x) = x**2 + 9*x - 5. Let m be h(-8). Let t = 18 - m. Is t a prime number?
True
Let l(y) = -y**3 + 4*y**2 - 2*y - 2. Let h be l(3). Is h/(-2) - 75/(-2) a composite number?
False
Let i(r) = -3*r + 1. Suppose -2*b = -3*k + 8, 2*b + 2 = 2*k - 2. Suppose -b = n - 0. Is i(n) composite?
False
Is (2 - 1)*1*(3 - -208) composite?
False
Let k = 2 + 32. Let x = 64 - k. Suppose 2*n + x = 4*n. Is n a composite number?
True
Suppose 3*m = 15, -m + 2 = -b + 1. Is 1917/2 - (-2)/b composite?
True
Suppose -3 = 4*m + 1. Is 255/3 - (3 + m) composite?
False
Suppose 5*a - a = 0. Suppose a = -2*j - 2*j - 12. Is 47/((-1)/j*3) prime?
True
Let k(v) be the third derivative of v**6/120 + 11*v**5/60 + 11*v**3/6 + v**2. Let m be 0 + (0 - 0) + -8. Is k(m) composite?
True
Let i(z) = -z**3 - z**2 + z + 46. Let h = -4 - -6. Let k be ((h + -2)/(-3))/2. Is i(k) a composite number?
True
Suppose 12*l = 10*l + 2154. Is l a prime number?
False
Let k(z) be the third derivative of -31*z**4/24 + 11*z**3/3 - 6*z**2. Is k(-15) a prime number?
True
Let b = 8 + -3. Suppose 112 = b*g + 37. Is g composite?
True
Let y(t) = 5*t**2 + 11*t + 21. Suppose -2 = p - 3*c, 0*p + 2*c - 18 = -p. Is y(p) a prime number?
True
Let a(p) = -48*p + 53. Is a(-11) a prime number?
False
Let k(w) = w + 1. Let f be k(9). Let l be -1*(-74)/(-4)*f. Let h = l + 372. Is h prime?
False
Let m(s) = 262*s + 1. Let n(o) = o - 3. Let g be n(4). Is m(g) prime?
True
Let r(n) = -n + 10. Let h be r(7). Suppose -421 = -h*x - 34. Is x prime?
False
Suppose 6*i - 2*i - 32 = y, -4*y + 52 = 4*i. Let u = 28 - i. Is u composite?
False
Let i = 12 + -7. Let v(k) = -3*k**2 - 3*k + 7. Let d(q) = -4*q**2 - 3*q + 8. Let c(j) = -4*d(j) + 5*v(j). Is c(i) composite?
False
Is (1/(-1))/(2/(-2215 + -7)) composite?
True
Suppose 6*g + 4*q = g + 7007, -4*g - 2*q = -5602. Is g composite?
False
Suppose -814 = -5*o + 5*m - 54, 2*o - 289 = 5*m. Is o a composite number?
False
Let r(c) = -112*c - 41. Is r(-6) prime?
True
Let y(v) = -2*v - 1. Let m be y(-1). Let u = m - -1. Suppose w - 107 = -2*w - 5*t, 4*t = -u*w + 70. Is w prime?
False
Suppose 33 = 3*